{"id":191,"date":"2025-12-11T08:50:45","date_gmt":"2025-12-11T07:50:45","guid":{"rendered":"https:\/\/serwer402651.lh.pl\/autoinstalator\/serwer402651.lh.pl\/aiwordpress1120\/?page_id=191"},"modified":"2026-01-18T15:01:28","modified_gmt":"2026-01-18T14:01:28","slug":"rodzaje-magazynow-logistycznych","status":"publish","type":"page","link":"https:\/\/loggins.eu\/?page_id=191","title":{"rendered":"Rodzaje magazyn\u00f3w logistycznych"},"content":{"rendered":"\n<div style=\"aspect-ratio:16\/9;min-height:unset;\" class=\"wp-block-cover alignfull is-style-default has-aspect-ratio\"><img loading=\"lazy\" decoding=\"async\" width=\"1024\" height=\"683\" class=\"wp-block-cover__image-background wp-image-616 size-large\" alt=\"magazynowanie\" src=\"http:\/\/serwer402651.lh.pl\/autoinstalator\/serwer402651.lh.pl\/aiwordpress1120\/wp-content\/uploads\/2025\/12\/magazyn-1024x683.jpg\" data-object-fit=\"cover\" srcset=\"https:\/\/loggins.eu\/wp-content\/uploads\/2025\/12\/magazyn-1024x683.jpg 1024w, https:\/\/loggins.eu\/wp-content\/uploads\/2025\/12\/magazyn-300x200.jpg 300w, https:\/\/loggins.eu\/wp-content\/uploads\/2025\/12\/magazyn-768x512.jpg 768w, https:\/\/loggins.eu\/wp-content\/uploads\/2025\/12\/magazyn-1536x1024.jpg 1536w, https:\/\/loggins.eu\/wp-content\/uploads\/2025\/12\/magazyn-2048x1365.jpg 2048w\" sizes=\"auto, (max-width: 1024px) 100vw, 1024px\" \/><span aria-hidden=\"true\" class=\"wp-block-cover__background has-background-dim\"><\/span><div class=\"wp-block-cover__inner-container is-layout-flow wp-block-cover-is-layout-flow\">\n<p class=\"has-text-align-center has-border-color has-foreground-border-color has-foreground-color has-text-color has-link-color has-xx-large-font-size wp-elements-ec31825916cc8db392f90a1d2890c910\" style=\"border-width:1px;font-style:normal;font-weight:300\">Magazynowanie<\/p>\n<\/div><\/div>\n\n\n\n<div class=\"wp-block-group alignfull is-style-ext-preset--group--natural-1--section has-background-background-color has-background has-global-padding is-layout-constrained wp-container-core-group-is-layout-e955bbaf wp-block-group-is-layout-constrained\" style=\"margin-top:0;margin-bottom:0;padding-top:var(--wp--preset--spacing--70);padding-bottom:var(--wp--preset--spacing--70)\">\n<div class=\"wp-block-columns alignwide is-layout-flex wp-container-core-columns-is-layout-28f84493 wp-block-columns-is-layout-flex\">\n<div class=\"wp-block-column is-layout-flow wp-block-column-is-layout-flow\">\n<p><strong>Magazynowanie i logistyka magazynowa \u2013 kompleksowe rozwi\u0105zania dla Twojej firmy<\/strong><\/p>\n\n\n\n<p>Szukasz niezawodnych us\u0142ug magazynowych? <strong>LOGGINS<\/strong> oferuje elastyczne, nowoczesne i w pe\u0142ni dopasowane do potrzeb Klient\u00f3w rozwi\u0105zania w zakresie magazynowania towar\u00f3w, obs\u0142ugi logistycznej oraz cross-dockingu.<\/p>\n\n\n\n<p>Skorzystaj z naszego do\u015bwiadczenia i zoptymalizuj sw\u00f3j \u0142a\u0144cuch dostaw, zyskuj\u0105c bezpiecze\u0144stwo, efektywno\u015b\u0107 i pe\u0142n\u0105 kontrol\u0119 nad procesami logistycznymi.<\/p>\n<\/div>\n\n\n\n<div class=\"wp-block-column is-layout-flow wp-block-column-is-layout-flow\">\n<figure class=\"wp-block-image size-large has-custom-border\"><img loading=\"lazy\" decoding=\"async\" width=\"1024\" height=\"434\" src=\"https:\/\/serwer402651.lh.pl\/autoinstalator\/serwer402651.lh.pl\/aiwordpress1120\/wp-content\/uploads\/2025\/12\/przech1-1024x434.jpg\" alt=\"\" class=\"wp-image-801\" style=\"border-style:none;border-width:0px\" srcset=\"https:\/\/loggins.eu\/wp-content\/uploads\/2025\/12\/przech1-1024x434.jpg 1024w, https:\/\/loggins.eu\/wp-content\/uploads\/2025\/12\/przech1-300x127.jpg 300w, https:\/\/loggins.eu\/wp-content\/uploads\/2025\/12\/przech1-768x325.jpg 768w, https:\/\/loggins.eu\/wp-content\/uploads\/2025\/12\/przech1-1536x651.jpg 1536w, https:\/\/loggins.eu\/wp-content\/uploads\/2025\/12\/przech1.jpg 1650w\" sizes=\"auto, (max-width: 1024px) 100vw, 1024px\" \/><\/figure>\n<\/div>\n<\/div>\n<\/div>\n\n\n\n<div class=\"wp-block-group alignwide is-style-ext-preset--group--natural-1--section has-background-background-color has-background has-global-padding is-layout-constrained wp-block-group-is-layout-constrained\" style=\"margin-top:0;margin-bottom:0;padding-top:var(--wp--preset--spacing--70);padding-bottom:var(--wp--preset--spacing--70)\">\n<div class=\"wp-block-group alignwide is-vertical is-content-justification-center is-layout-flex wp-container-core-group-is-layout-c9ee0c5a wp-block-group-is-layout-flex\">\n<div class=\"wp-block-group has-global-padding is-layout-constrained wp-container-core-group-is-layout-5e05634a wp-block-group-is-layout-constrained\">\n<h2 class=\"wp-block-heading has-text-align-center\">Rodzaje magazyn\u00f3w<\/h2>\n\n\n\n<p class=\"has-text-align-center\">Poznaj r\u00f3\u017cnorodne typy magazyn\u00f3w logistycznych, ich budow\u0119 oraz najwa\u017cniejsze cechy, kt\u00f3re wp\u0142ywaj\u0105 na efektywno\u015b\u0107 sk\u0142adowania i dystrybucji towar\u00f3w.<\/p>\n<\/div>\n\n\n\n<div class=\"wp-block-group is-nowrap is-layout-flex wp-container-core-group-is-layout-6c531013 wp-block-group-is-layout-flex\">\n<div class=\"wp-block-group is-style-default has-global-padding is-layout-constrained wp-block-group-is-layout-constrained\">\n<figure class=\"wp-block-image aligncenter size-large ext-aspect-landscape wp-duotone-primary-foreground\"><img decoding=\"async\" src=\"data:image\/svg+xml;base64,PHN2ZyB4bWxucz0iaHR0cDovL3d3dy53My5vcmcvMjAwMC9zdmciIHdpZHRoPSI0OCIgaGVpZ2h0PSI0OCIgZmlsbD0iIzAwMDAwMCIgdmlld0JveD0iMCAwIDI1NiAyNTYiPjxwYXRoIGQ9Ik0xMjgsMjRBMTA0LDEwNCwwLDEsMCwyMzIsMTI4LDEwNC4xMSwxMDQuMTEsMCwwLDAsMTI4LDI0Wm0wLDE5MmE4OCw4OCwwLDEsMSw4OC04OEE4OC4xLDg4LjEsMCwwLDEsMTI4LDIxNlpNMTQwLDgwdjk2YTgsOCwwLDAsMS0xNiwwVjk1bC0xMS41Niw3LjcxYTgsOCwwLDEsMS04Ljg4LTEzLjMybDI0LTE2QTgsOCwwLDAsMSwxNDAsODBaIj48L3BhdGg+PC9zdmc+\" alt=\"\" style=\"object-fit:cover\"\/><\/figure>\n\n\n\n<h3 class=\"wp-block-heading has-text-align-center\">wysokiego i \u015bredniego sk\u0142adowania<\/h3>\n\n\n\n<p class=\"has-text-align-center\">od 4,2 do 25 m<\/p>\n<\/div>\n\n\n\n<div class=\"wp-block-group is-style-default has-global-padding is-layout-constrained wp-block-group-is-layout-constrained\">\n<figure class=\"wp-block-image aligncenter size-large ext-aspect-landscape wp-duotone-primary-foreground\"><img decoding=\"async\" src=\"data:image\/svg+xml;base64,PHN2ZyB4bWxucz0iaHR0cDovL3d3dy53My5vcmcvMjAwMC9zdmciIHdpZHRoPSI0OCIgaGVpZ2h0PSI0OCIgZmlsbD0iIzAwMDAwMCIgdmlld0JveD0iMCAwIDI1NiAyNTYiPjxwYXRoIGQ9Ik0xMjgsMjRBMTA0LDEwNCwwLDEsMCwyMzIsMTI4LDEwNC4xMSwxMDQuMTEsMCwwLDAsMTI4LDI0Wm0wLDE5MmE4OCw4OCwwLDEsMSw4OC04OEE4OC4xLDg4LjEsMCwwLDEsMTI4LDIxNlptMjUuNTYtOTIuNzRMMTIwLDE2OGgzMmE4LDgsMCwwLDEsMCwxNkgxMDRhOCw4LDAsMCwxLTYuNC0xMi44bDQzLjE3LTU3LjU2YTE2LDE2LDAsMSwwLTI3Ljg2LTE1LDgsOCwwLDAsMS0xNS4wOS01LjM0LDMyLDMyLDAsMSwxLDU1Ljc0LDI5LjkzWiI+PC9wYXRoPjwvc3ZnPg==\" alt=\"\" style=\"object-fit:cover\"\/><\/figure>\n\n\n\n<h3 class=\"wp-block-heading has-text-align-center\">Magazyny niskiego sk\u0142adowania<\/h3>\n\n\n\n<p class=\"has-text-align-center\">do 4,2 m<\/p>\n<\/div>\n\n\n\n<div class=\"wp-block-group is-style-default has-global-padding is-layout-constrained wp-block-group-is-layout-constrained\">\n<figure class=\"wp-block-image aligncenter size-large ext-aspect-landscape wp-duotone-primary-foreground\"><img decoding=\"async\" src=\"data:image\/svg+xml;base64,PHN2ZyB4bWxucz0iaHR0cDovL3d3dy53My5vcmcvMjAwMC9zdmciIHdpZHRoPSI0OCIgaGVpZ2h0PSI0OCIgZmlsbD0iIzAwMDAwMCIgdmlld0JveD0iMCAwIDI1NiAyNTYiPjxwYXRoIGQ9Ik0xMjgsMjRBMTA0LDEwNCwwLDEsMCwyMzIsMTI4LDEwNC4xMSwxMDQuMTEsMCwwLDAsMTI4LDI0Wm0wLDE5MmE4OCw4OCwwLDEsMSw4OC04OEE4OC4xLDg4LjEsMCwwLDEsMTI4LDIxNlptMzItNjRhMzYsMzYsMCwwLDEtNjEuNzEsMjUuMTlBOCw4LDAsMSwxLDEwOS43MSwxNjYsMjAsMjAsMCwxLDAsMTI0LDEzMmE4LDgsMCwwLDEtNi41NS0xMi41OUwxMzYuNjMsOTJIMTA0YTgsOCwwLDAsMSwwLTE2aDQ4YTgsOCwwLDAsMSw2LjU1LDEyLjU5bC0yMSwzMEEzNi4wNywzNi4wNywwLDAsMSwxNjAsMTUyWiI+PC9wYXRoPjwvc3ZnPg==\" alt=\"\" style=\"object-fit:cover\"\/><\/figure>\n\n\n\n<h3 class=\"wp-block-heading has-text-align-center\">Specjalistyczne magazyny logistyczne<\/h3>\n\n\n\n<p class=\"has-text-align-center\">dedykowane rozwi\u0105zania <\/p>\n<\/div>\n<\/div>\n<\/div>\n\n\n\n<div class=\"wp-block-columns alignwide are-vertically-aligned-center is-layout-flex wp-container-core-columns-is-layout-174606dc wp-block-columns-is-layout-flex\">\n<div class=\"wp-block-column is-vertically-aligned-center is-layout-flow wp-block-column-is-layout-flow\">\n<div class=\"wp-block-columns is-layout-flex wp-container-core-columns-is-layout-28f84493 wp-block-columns-is-layout-flex\">\n<div class=\"wp-block-column is-layout-flow wp-block-column-is-layout-flow\">\n<p>Ze wzgl\u0119du na konstrukcj\u0119 wyr\u00f3\u017cnia si\u0119 nast\u0119puj\u0105ce rodzaje magazyn\u00f3w:<\/p>\n\n\n\n<ul class=\"wp-block-list\">\n<li><strong>Magazyny otwarte<\/strong> \u2013 przyk\u0142adem s\u0105 place sk\u0142adowe przeznaczone do magazynowania materia\u0142\u00f3w budowlanych lub kontener\u00f3w.<\/li>\n\n\n\n<li><strong>Magazyny p\u00f3\u0142otwarte<\/strong> \u2013 obejmuj\u0105 m.in. wiaty, w kt\u00f3rych przechowuje si\u0119 towary odporne na zmiany temperatury, lecz wymagaj\u0105ce ochrony przed opadami.<\/li>\n\n\n\n<li><strong>Magazyny zamkni\u0119te<\/strong> \u2013 w pe\u0142ni zabudowane obiekty, takie jak hale, umo\u017cliwiaj\u0105ce kontrol\u0119 warunk\u00f3w przechowywania.<\/li>\n\n\n\n<li><strong>Magazyny naziemne<\/strong> \u2013 obiekty o niskim, \u015brednim lub wysokim sk\u0142adowaniu.<\/li>\n\n\n\n<li><strong>Magazyny podziemne<\/strong> \u2013 zaliczaj\u0105 si\u0119 do nich piwnice, bunkry oraz kopce.<\/li>\n<\/ul>\n<\/div>\n\n\n\n<div class=\"wp-block-column is-layout-flow wp-block-column-is-layout-flow\">\n<p>Ze wzgl\u0119du na pe\u0142nion\u0105 funkcj\u0119 mo\u017cna wyr\u00f3\u017cni\u0107 nast\u0119puj\u0105ce typy magazyn\u00f3w:<\/p>\n\n\n\n<ul class=\"wp-block-list\">\n<li><strong>Magazyny kontenerowe<\/strong> \u2013 obs\u0142uguj\u0105ce operator\u00f3w oraz nadawc\u00f3w kontener\u00f3w.<\/li>\n\n\n\n<li><strong>Magazyny celne<\/strong> \u2013 przeznaczone do sk\u0142adowania towar\u00f3w do czasu dokonania odprawy celnej.<\/li>\n\n\n\n<li><strong>Magazyny konsygnacyjne<\/strong> \u2013 towary pozostaj\u0105 w\u0142asno\u015bci\u0105 dostawcy a\u017c do momentu ich wydania odbiorcy.<\/li>\n\n\n\n<li><strong>Magazyny dostawcze<\/strong> \u2013 s\u0142u\u017c\u0105ce do kompletacji oraz wydawania towar\u00f3w.<\/li>\n\n\n\n<li><strong>Magazyny produkcyjne (przemys\u0142owe)<\/strong> \u2013 wykorzystywane do sk\u0142adowania surowc\u00f3w, p\u00f3\u0142fabrykat\u00f3w oraz wyrob\u00f3w gotowych.<\/li>\n\n\n\n<li><strong>Magazyny rozdzielcze<\/strong> \u2013 zajmuj\u0105ce si\u0119 konsolidacj\u0105 i dystrybucj\u0105 towar\u00f3w na potrzeby handlu detalicznego.<\/li>\n\n\n\n<li><strong>Magazyny prze\u0142adunkowe<\/strong> \u2013 usytuowane w pobli\u017cu port\u00f3w oraz w\u0119z\u0142\u00f3w transportowych.<\/li>\n<\/ul>\n<\/div>\n<\/div>\n<\/div>\n<\/div>\n\n\n\n<div class=\"wp-block-columns alignwide are-vertically-aligned-center is-layout-flex wp-container-core-columns-is-layout-28f84493 wp-block-columns-is-layout-flex\">\n<div class=\"wp-block-column is-vertically-aligned-center is-layout-flow wp-block-column-is-layout-flow\"><\/div>\n\n\n\n<div class=\"wp-block-column is-vertically-aligned-center is-layout-flow wp-block-column-is-layout-flow\"><\/div>\n<\/div>\n\n\n\n<div class=\"wp-block-columns alignwide is-layout-flex wp-container-core-columns-is-layout-28f84493 wp-block-columns-is-layout-flex\">\n<div class=\"wp-block-column is-layout-flow wp-block-column-is-layout-flow\">\n<p><strong>Czym jest magazynowanie?<\/strong><\/p>\n\n\n\n<p>Magazynowanie (przechowalnictwo) obejmuje og\u00f3\u0142 dzia\u0142a\u0144 zwi\u0105zanych z czasowym przechowywaniem d\u00f3br materialnych, ich w\u0142a\u015bciwym sk\u0142adowaniem oraz przygotowaniem do przekazania odbiorcom ko\u0144cowym.<\/p>\n\n\n\n<p>Jest to jeden z kluczowych element\u00f3w logistyki, szczeg\u00f3lnie w sytuacjach, gdy proces produkcji nie jest zsynchronizowany z momentem konsumpcji, sprzeda\u017cy lub dystrybucji towar\u00f3w.<\/p>\n\n\n\n<p>Ze wzgl\u0119du na spos\u00f3b rozmieszczenia towar\u00f3w wyr\u00f3\u017cnia si\u0119:<\/p>\n\n\n\n<ul class=\"wp-block-list\">\n<li><strong>Sta\u0142e miejsca sk\u0142adowania<\/strong> \u2013 pozwalaj\u0105 na \u0142atwe i wizualne monitorowanie zapas\u00f3w.<\/li>\n\n\n\n<li><strong>Wolne miejsca sk\u0142adowe<\/strong> \u2013 umo\u017cliwiaj\u0105 optymalizacj\u0119 przestrzeni, wymagaj\u0105 zastosowania systemu WMS (Warehouse Management System).<\/li>\n\n\n\n<li><strong>Rozmieszczenie wed\u0142ug rotacji<\/strong> \u2013 towary najcz\u0119\u015bciej pobierane s\u0105 sk\u0142adowane w naj\u0142atwiej dost\u0119pnym miejscu.<\/li>\n<\/ul>\n<\/div>\n\n\n\n<div class=\"wp-block-column is-layout-flow wp-block-column-is-layout-flow\">\n<figure class=\"wp-block-image size-large has-custom-border\"><img loading=\"lazy\" decoding=\"async\" width=\"1024\" height=\"683\" src=\"https:\/\/serwer402651.lh.pl\/autoinstalator\/serwer402651.lh.pl\/aiwordpress1120\/wp-content\/uploads\/2025\/12\/przech-1-1024x683.jpg\" alt=\"\" class=\"wp-image-802\" style=\"border-style:none;border-width:0px\" srcset=\"https:\/\/loggins.eu\/wp-content\/uploads\/2025\/12\/przech-1-1024x683.jpg 1024w, https:\/\/loggins.eu\/wp-content\/uploads\/2025\/12\/przech-1-300x200.jpg 300w, https:\/\/loggins.eu\/wp-content\/uploads\/2025\/12\/przech-1-768x512.jpg 768w, https:\/\/loggins.eu\/wp-content\/uploads\/2025\/12\/przech-1-1536x1024.jpg 1536w, https:\/\/loggins.eu\/wp-content\/uploads\/2025\/12\/przech-1.jpg 1728w\" sizes=\"auto, (max-width: 1024px) 100vw, 1024px\" \/><\/figure>\n<\/div>\n<\/div>\n<\/div>\n\n\n\n<div class=\"wp-block-columns alignwide is-layout-flex wp-container-core-columns-is-layout-28f84493 wp-block-columns-is-layout-flex\">\n<div class=\"wp-block-column is-vertically-aligned-center is-layout-flow wp-block-column-is-layout-flow\">\n<p><strong>Cross-docking \u2013 szybka dystrybucja bez magazynowania<\/strong><\/p>\n\n\n\n<p>Cross-docking to nowoczesne rozwi\u0105zanie w logistyce magazynowej, polegaj\u0105ce na bezpo\u015brednim przekazywaniu towar\u00f3w z dostawy do dalszej dystrybucji, bez etapu sk\u0142adowania.<\/p>\n\n\n\n<p>Zastosowanie tego systemu pozwala na znacz\u0105ce oszcz\u0119dno\u015bci:<\/p>\n\n\n\n<ul class=\"wp-block-list\">\n<li><strong>czasu<\/strong> \u2013 dzi\u0119ki skr\u00f3ceniu \u0142a\u0144cucha dostaw,<\/li>\n\n\n\n<li><strong>koszt\u00f3w<\/strong> \u2013 poprzez ograniczenie wydatk\u00f3w na magazynowanie,<\/li>\n\n\n\n<li><strong>przestrzeni<\/strong> \u2013 brak konieczno\u015bci przechowywania towar\u00f3w w magazynie.<\/li>\n<\/ul>\n\n\n\n<p><strong>Cross-docking warto stosowa\u0107, gdy:<\/strong><\/p>\n\n\n\n<ul class=\"wp-block-list\">\n<li>towary pochodz\u0105 z wielu \u017ar\u00f3de\u0142 i s\u0105 kierowane do jednego odbiorcy,<\/li>\n\n\n\n<li>jeden dostawca realizuje dostawy do wielu odbiorc\u00f3w ko\u0144cowych.<\/li>\n<\/ul>\n<\/div>\n\n\n\n<div class=\"wp-block-column is-layout-flow wp-block-column-is-layout-flow\">\n<figure class=\"wp-block-image aligncenter size-large has-custom-border\"><img loading=\"lazy\" decoding=\"async\" width=\"1024\" height=\"682\" src=\"https:\/\/serwer402651.lh.pl\/autoinstalator\/serwer402651.lh.pl\/aiwordpress1120\/wp-content\/uploads\/2025\/12\/cross-1024x682.jpg\" alt=\"\" class=\"wp-image-744\" style=\"border-style:none;border-width:0px\" srcset=\"https:\/\/loggins.eu\/wp-content\/uploads\/2025\/12\/cross-1024x682.jpg 1024w, https:\/\/loggins.eu\/wp-content\/uploads\/2025\/12\/cross-300x200.jpg 300w, https:\/\/loggins.eu\/wp-content\/uploads\/2025\/12\/cross-768x512.jpg 768w, https:\/\/loggins.eu\/wp-content\/uploads\/2025\/12\/cross-1536x1023.jpg 1536w, https:\/\/loggins.eu\/wp-content\/uploads\/2025\/12\/cross-2048x1364.jpg 2048w\" sizes=\"auto, (max-width: 1024px) 100vw, 1024px\" \/><\/figure>\n<\/div>\n<\/div>\n\n\n\n<div class=\"wp-block-columns alignwide are-vertically-aligned-center is-layout-flex wp-container-core-columns-is-layout-28f84493 wp-block-columns-is-layout-flex\">\n<div class=\"wp-block-column is-layout-flow wp-block-column-is-layout-flow\">\n<p><strong>Rodzaje cross-dockingu:<\/strong><\/p>\n\n\n\n<ul class=\"wp-block-list\">\n<li><strong>Cross-docking paletowy<\/strong> \u2013 polega na prze\u0142adunku ca\u0142ych palet bez ich rozformowywania.<\/li>\n\n\n\n<li><strong>Cross-docking drobnicowy<\/strong> \u2013 obejmuje rozdzielanie towar\u00f3w i kompletacj\u0119 ich zgodnie z konkretnymi zam\u00f3wieniami.<\/li>\n\n\n\n<li><strong>Cross-docking mieszany<\/strong> \u2013 \u0142\u0105czy prze\u0142adunek ca\u0142ych palet z jednoczesnym podzia\u0142em towar\u00f3w na mniejsze partie.<\/li>\n\n\n\n<li><strong>Cross-docking standaryzowany<\/strong> \u2013 dotyczy przesy\u0142ek w jednolitych opakowaniach, dostosowanych do obs\u0142ugi za pomoc\u0105 w\u00f3zk\u00f3w wid\u0142owych.<\/li>\n<\/ul>\n<\/div>\n\n\n\n<div class=\"wp-block-column is-layout-flow wp-block-column-is-layout-flow\">\n<p><strong>Inny przyk\u0142ad cross-dockingu:<\/strong><\/p>\n\n\n\n<p>Sie\u0107 supermarket\u00f3w zaopatruje si\u0119 u jednego du\u017cego dostawcy, kt\u00f3ry produkuje kilka r\u00f3\u017cnych grup towar\u00f3w. Zamiast magazynowa\u0107 produkty w centralnym magazynie, dostawca wysy\u0142a je bezpo\u015brednio do centrum cross-dockingowego. Tam towary s\u0105 natychmiast sortowane wed\u0142ug poszczeg\u00f3lnych sklep\u00f3w.<\/p>\n\n\n\n<p>Ka\u017cdego dnia z centrum wyje\u017cd\u017caj\u0105 ci\u0119\u017car\u00f3wki, z kt\u00f3rych ka\u017cda obs\u0142uguje inny sklep i przewozi dok\u0142adnie taki zestaw towar\u00f3w, jaki jest mu potrzebny. Towar trafia do punkt\u00f3w sprzeda\u017cy bez d\u0142ugiego sk\u0142adowania.<\/p>\n\n\n\n<p><strong>Efekt:<\/strong> szybsze dostawy, mniejsze zapasy w sklepach, ni\u017csze koszty magazynowania oraz sprawniejsza organizacja transportu.<\/p>\n<\/div>\n<\/div>\n\n\n\n<h2 class=\"wp-block-heading has-text-align-center\">Masz pytania lub potrzebujesz dodatkowych informacji?<\/h2>\n\n\n\n<div class=\"wp-block-buttons is-content-justification-center is-layout-flex wp-container-core-buttons-is-layout-a89b3969 wp-block-buttons-is-layout-flex\">\n<div class=\"wp-block-button\"><a class=\"wp-block-button__link wp-element-button\" href=\"https:\/\/serwer402651.lh.pl\/autoinstalator\/serwer402651.lh.pl\/aiwordpress1120\/kontakt\/\">Zapraszamy do kontaktu<\/a><\/div>\n<\/div>\n","protected":false},"excerpt":{"rendered":"<p>Magazynowanie i logistyka magazynowa \u2013 kompleksowe rozwi\u0105zania dla Twojej firmy Szukasz niezawodnych us\u0142ug magazynowych? LOGGINS oferuje elastyczne, nowoczesne i w pe\u0142ni dopasowane do potrzeb Klient\u00f3w rozwi\u0105zania w zakresie magazynowania towar\u00f3w, obs\u0142ugi logistycznej oraz cross-dockingu. Skorzystaj z naszego do\u015bwiadczenia i zoptymalizuj sw\u00f3j \u0142a\u0144cuch dostaw, zyskuj\u0105c bezpiecze\u0144stwo, efektywno\u015b\u0107 i pe\u0142n\u0105 kontrol\u0119 nad procesami logistycznymi. Rodzaje magazyn\u00f3w Poznaj [&hellip;]<\/p>\n","protected":false},"author":1,"featured_media":0,"parent":0,"menu_order":0,"comment_status":"closed","ping_status":"closed","template":"page-with-title","meta":{"_uag_custom_page_level_css":"","footnotes":""},"class_list":["post-191","page","type-page","status-publish","hentry"],"aioseo_notices":[],"uagb_featured_image_src":{"full":false,"thumbnail":false,"medium":false,"medium_large":false,"large":false,"1536x1536":false,"2048x2048":false},"uagb_author_info":{"display_name":"admin-qR73qRrA","author_link":"https:\/\/loggins.eu\/?author=1"},"uagb_comment_info":0,"uagb_excerpt":"Magazynowanie i logistyka magazynowa \u2013 kompleksowe rozwi\u0105zania dla Twojej firmy Szukasz niezawodnych us\u0142ug magazynowych? LOGGINS oferuje elastyczne, nowoczesne i w pe\u0142ni dopasowane do potrzeb Klient\u00f3w rozwi\u0105zania w zakresie magazynowania towar\u00f3w, obs\u0142ugi logistycznej oraz cross-dockingu. Skorzystaj z naszego do\u015bwiadczenia i zoptymalizuj sw\u00f3j \u0142a\u0144cuch dostaw, zyskuj\u0105c bezpiecze\u0144stwo, efektywno\u015b\u0107 i pe\u0142n\u0105 kontrol\u0119 nad procesami logistycznymi. Rodzaje magazyn\u00f3w Poznaj&hellip;","_links":{"self":[{"href":"https:\/\/loggins.eu\/index.php?rest_route=\/wp\/v2\/pages\/191","targetHints":{"allow":["GET"]}}],"collection":[{"href":"https:\/\/loggins.eu\/index.php?rest_route=\/wp\/v2\/pages"}],"about":[{"href":"https:\/\/loggins.eu\/index.php?rest_route=\/wp\/v2\/types\/page"}],"author":[{"embeddable":true,"href":"https:\/\/loggins.eu\/index.php?rest_route=\/wp\/v2\/users\/1"}],"replies":[{"embeddable":true,"href":"https:\/\/loggins.eu\/index.php?rest_route=%2Fwp%2Fv2%2Fcomments&post=191"}],"version-history":[{"count":10,"href":"https:\/\/loggins.eu\/index.php?rest_route=\/wp\/v2\/pages\/191\/revisions"}],"predecessor-version":[{"id":1011,"href":"https:\/\/loggins.eu\/index.php?rest_route=\/wp\/v2\/pages\/191\/revisions\/1011"}],"wp:attachment":[{"href":"https:\/\/loggins.eu\/index.php?rest_route=%2Fwp%2Fv2%2Fmedia&parent=191"}],"curies":[{"name":"wp","href":"https:\/\/api.w.org\/{rel}","templated":true}]}}