{"id":458,"date":"2025-12-11T17:09:33","date_gmt":"2025-12-11T16:09:33","guid":{"rendered":"https:\/\/serwer402651.lh.pl\/autoinstalator\/serwer402651.lh.pl\/aiwordpress1120\/?page_id=458"},"modified":"2026-01-18T15:50:56","modified_gmt":"2026-01-18T14:50:56","slug":"transport-adr","status":"publish","type":"page","link":"https:\/\/loggins.eu\/?page_id=458","title":{"rendered":"ADR"},"content":{"rendered":"\n<div class=\"wp-block-group alignfull is-style-ext-preset--group--natural-1--section has-background-background-color has-background has-global-padding is-layout-constrained wp-container-core-group-is-layout-e955bbaf wp-block-group-is-layout-constrained\" style=\"margin-top:0;margin-bottom:0;padding-top:var(--wp--preset--spacing--70);padding-bottom:var(--wp--preset--spacing--70)\">\n<div class=\"wp-block-cover alignfull\" style=\"border-style:none;border-width:0px\"><img loading=\"lazy\" decoding=\"async\" width=\"1024\" height=\"683\" class=\"wp-block-cover__image-background wp-image-569\" alt=\"\" src=\"https:\/\/serwer402651.lh.pl\/autoinstalator\/serwer402651.lh.pl\/aiwordpress1120\/wp-content\/uploads\/2025\/12\/adr-1024x683.jpg\" data-object-fit=\"cover\" srcset=\"https:\/\/loggins.eu\/wp-content\/uploads\/2025\/12\/adr-1024x683.jpg 1024w, https:\/\/loggins.eu\/wp-content\/uploads\/2025\/12\/adr-300x200.jpg 300w, https:\/\/loggins.eu\/wp-content\/uploads\/2025\/12\/adr-768x512.jpg 768w, https:\/\/loggins.eu\/wp-content\/uploads\/2025\/12\/adr-1536x1024.jpg 1536w, https:\/\/loggins.eu\/wp-content\/uploads\/2025\/12\/adr-2048x1365.jpg 2048w\" sizes=\"auto, (max-width: 1024px) 100vw, 1024px\" \/><span aria-hidden=\"true\" class=\"wp-block-cover__background has-background-dim\"><\/span><div class=\"wp-block-cover__inner-container is-layout-flow wp-block-cover-is-layout-flow\">\n<p class=\"has-text-align-center has-border-color has-foreground-border-color has-foreground-color has-text-color has-link-color has-x-large-font-size wp-elements-7ad5dd762cb8a3deed22b518e62b5c23\" style=\"border-width:1px;font-style:normal;font-weight:300\">Spedycja towar\u00f3w niebezpiecznych<\/p>\n<\/div><\/div>\n\n\n\n<div class=\"wp-block-columns alignwide is-layout-flex wp-container-core-columns-is-layout-08c01c1c wp-block-columns-is-layout-flex\">\n<div class=\"wp-block-column is-layout-flow wp-block-column-is-layout-flow\">\n<div class=\"wp-block-group is-style-ext-preset--group--natural-1--item-card-1--align-center has-global-padding is-layout-constrained wp-block-group-is-layout-constrained is-style-ext-preset--group--natural-1--item-card-1--align-center--2\">\n<div class=\"wp-block-group is-style-default has-global-padding is-layout-constrained wp-block-group-is-layout-constrained\">\n<h3 class=\"wp-block-heading has-text-align-center\">Transport ADR<\/h3>\n\n\n\n<p class=\"has-text-align-center\">Zapewniamy bezpieczny przew\u00f3z materia\u0142\u00f3w niebezpiecznych zgodnie z obowi\u0105zuj\u0105cymi normami.<\/p>\n<\/div>\n<\/div>\n<\/div>\n\n\n\n<div class=\"wp-block-column is-layout-flow wp-block-column-is-layout-flow\">\n<div class=\"wp-block-group is-style-ext-preset--group--natural-1--item-card-1--align-center has-global-padding is-layout-constrained wp-block-group-is-layout-constrained is-style-ext-preset--group--natural-1--item-card-1--align-center--3\">\n<div class=\"wp-block-group is-style-default has-global-padding is-layout-constrained wp-block-group-is-layout-constrained\">\n<h3 class=\"wp-block-heading has-text-align-center\">Certyfikowana flota<\/h3>\n\n\n\n<p class=\"has-text-align-center\">Korzystamy z nowoczesnych, certyfikowanych pojazd\u00f3w dostosowanych do wymaga\u0144 ADR.<\/p>\n<\/div>\n<\/div>\n<\/div>\n\n\n\n<div class=\"wp-block-column is-layout-flow wp-block-column-is-layout-flow\">\n<div class=\"wp-block-group is-style-ext-preset--group--natural-1--item-card-1--align-center has-global-padding is-layout-constrained wp-block-group-is-layout-constrained is-style-ext-preset--group--natural-1--item-card-1--align-center--4\">\n<div class=\"wp-block-group is-style-default has-global-padding is-layout-constrained wp-block-group-is-layout-constrained\">\n<h3 class=\"wp-block-heading has-text-align-center\">Kontrola i monitorowanie<\/h3>\n\n\n\n<p class=\"has-text-align-center\">Ca\u0142odobowo nadzorujemy transport, minimalizuj\u0105c ryzyko dla ludzi i \u015brodowiska.<\/p>\n<\/div>\n<\/div>\n<\/div>\n<\/div>\n<\/div>\n\n\n\n<div class=\"wp-block-columns alignwide is-layout-flex wp-container-core-columns-is-layout-28f84493 wp-block-columns-is-layout-flex\">\n<div class=\"wp-block-column is-layout-flow wp-block-column-is-layout-flow\">\n<p>Zapewniamy najwy\u017cszy poziom bezpiecze\u0144stwa podczas transportu nawet najbardziej niebezpiecznych \u0142adunk\u00f3w.<\/p>\n\n\n\n<p>Dzi\u0119ki \u015bcis\u0142emu przestrzeganiu obowi\u0105zuj\u0105cych zasad i procedur bezpiecze\u0144stwa mo\u017cemy realizowa\u0107 przew\u00f3z towar\u00f3w niebezpiecznych przy wykorzystaniu r\u00f3\u017cnych \u015brodk\u00f3w transportu. Ka\u017cdorazowo dobieramy optymalne rozwi\u0105zanie logistyczne, dostosowane do klasy \u0142adunku okre\u015blonej zgodnie z mi\u0119dzynarodow\u0105 umow\u0105 ADR dotycz\u0105c\u0105 przewozu drogowego materia\u0142\u00f3w niebezpiecznych.<\/p>\n<\/div>\n\n\n\n<div class=\"wp-block-column is-layout-flow wp-block-column-is-layout-flow\">\n<figure class=\"wp-block-image size-large has-custom-border\"><img loading=\"lazy\" decoding=\"async\" width=\"1024\" height=\"683\" src=\"https:\/\/serwer402651.lh.pl\/autoinstalator\/serwer402651.lh.pl\/aiwordpress1120\/wp-content\/uploads\/2025\/12\/adr3-1024x683.jpg\" alt=\"\" class=\"wp-image-787\" style=\"border-style:none;border-width:0px\" srcset=\"https:\/\/loggins.eu\/wp-content\/uploads\/2025\/12\/adr3-1024x683.jpg 1024w, https:\/\/loggins.eu\/wp-content\/uploads\/2025\/12\/adr3-300x200.jpg 300w, https:\/\/loggins.eu\/wp-content\/uploads\/2025\/12\/adr3-768x512.jpg 768w, https:\/\/loggins.eu\/wp-content\/uploads\/2025\/12\/adr3-1536x1024.jpg 1536w, https:\/\/loggins.eu\/wp-content\/uploads\/2025\/12\/adr3.jpg 1800w\" sizes=\"auto, (max-width: 1024px) 100vw, 1024px\" \/><\/figure>\n<\/div>\n<\/div>\n\n\n\n<div class=\"wp-block-group alignfull is-style-ext-preset--group--natural-1--section has-tertiary-background-color has-background has-global-padding is-layout-constrained wp-container-core-group-is-layout-419b44a9 wp-block-group-is-layout-constrained\" style=\"border-style:none;border-width:0px;margin-top:var(--wp--preset--spacing--30);margin-bottom:var(--wp--preset--spacing--30);padding-top:var(--wp--preset--spacing--70);padding-bottom:var(--wp--preset--spacing--70)\">\n<div class=\"wp-block-group alignwide is-vertical is-content-justification-center is-layout-flex wp-container-core-group-is-layout-c9ee0c5a wp-block-group-is-layout-flex\">\n<div class=\"wp-block-group has-global-padding is-layout-constrained wp-container-core-group-is-layout-5e05634a wp-block-group-is-layout-constrained\">\n<h2 class=\"wp-block-heading has-text-align-center\">Zapewnij bezpiecze\u0144stwo i zgodno\u015b\u0107 z przepisami.<\/h2>\n<\/div>\n<\/div>\n\n\n\n<div class=\"wp-block-columns alignwide is-layout-flex wp-container-core-columns-is-layout-08c01c1c wp-block-columns-is-layout-flex\">\n<div class=\"wp-block-column is-vertically-aligned-stretch is-layout-flow wp-container-core-column-is-layout-f5bb311e wp-block-column-is-layout-flow\">\n<div class=\"wp-block-group is-style-ext-preset--group--natural-1--item-card-1--align-center has-global-padding is-layout-constrained wp-block-group-is-layout-constrained is-style-ext-preset--group--natural-1--item-card-1--align-center--6\">\n<div class=\"wp-block-group is-style-default has-global-padding is-layout-constrained wp-block-group-is-layout-constrained\">\n<h3 class=\"wp-block-heading has-text-align-center\">Profesjonalna obs\u0142uga klienta<\/h3>\n\n\n\n<p class=\"has-text-align-center\">Nasze us\u0142ugi zapewniaj\u0105 pe\u0142n\u0105 ochron\u0119 podczas transportu substancji niebezpiecznych, minimalizuj\u0105c ryzyko dla ludzi i \u015brodowiska.<\/p>\n<\/div>\n<\/div>\n<\/div>\n\n\n\n<div class=\"wp-block-column is-vertically-aligned-stretch is-layout-flow wp-container-core-column-is-layout-f5bb311e wp-block-column-is-layout-flow\">\n<div class=\"wp-block-group is-style-ext-preset--group--natural-1--item-card-1--align-center has-global-padding is-layout-constrained wp-block-group-is-layout-constrained is-style-ext-preset--group--natural-1--item-card-1--align-center--7\">\n<div class=\"wp-block-group is-style-default has-global-padding is-layout-constrained wp-block-group-is-layout-constrained\">\n<h3 class=\"wp-block-heading has-text-align-center\">Zgodno\u015b\u0107 z obowi\u0105zuj\u0105cymi przepisami.<\/h3>\n\n\n\n<p class=\"has-text-align-center\">Dzia\u0142amy zgodnie z normami ADR, co pozwala unikn\u0105\u0107 kar i zapewnia profesjonaln\u0105 realizacj\u0119 transportu.<\/p>\n<\/div>\n<\/div>\n<\/div>\n\n\n\n<div class=\"wp-block-column is-vertically-aligned-stretch is-layout-flow wp-container-core-column-is-layout-f5bb311e wp-block-column-is-layout-flow\">\n<div class=\"wp-block-group is-style-ext-preset--group--natural-1--item-card-1--align-center has-global-padding is-layout-constrained wp-block-group-is-layout-constrained is-style-ext-preset--group--natural-1--item-card-1--align-center--8\">\n<div class=\"wp-block-group is-style-default has-global-padding is-layout-constrained wp-block-group-is-layout-constrained\">\n<h3 class=\"wp-block-heading\">Optymalizacja zarz\u0105dzania ADR<\/h3>\n\n\n\n<p class=\"has-text-align-center\">Dzi\u0119ki naszym rozwi\u0105zaniom logistycznym usprawniamy przew\u00f3z materia\u0142\u00f3w niebezpiecznych, redukuj\u0105c koszty i czas realizacji.<\/p>\n<\/div>\n<\/div>\n<\/div>\n<\/div>\n<\/div>\n\n\n\n<div class=\"wp-block-columns alignwide is-layout-flex wp-container-core-columns-is-layout-28f84493 wp-block-columns-is-layout-flex\">\n<div class=\"wp-block-column is-layout-flow wp-block-column-is-layout-flow\">\n<figure class=\"wp-block-image size-large has-custom-border\"><img loading=\"lazy\" decoding=\"async\" width=\"1024\" height=\"683\" src=\"https:\/\/serwer402651.lh.pl\/autoinstalator\/serwer402651.lh.pl\/aiwordpress1120\/wp-content\/uploads\/2025\/12\/adr2-1024x683.jpg\" alt=\"\" class=\"wp-image-788\" style=\"border-style:none;border-width:0px\" srcset=\"https:\/\/loggins.eu\/wp-content\/uploads\/2025\/12\/adr2-1024x683.jpg 1024w, https:\/\/loggins.eu\/wp-content\/uploads\/2025\/12\/adr2-300x200.jpg 300w, https:\/\/loggins.eu\/wp-content\/uploads\/2025\/12\/adr2-768x513.jpg 768w, https:\/\/loggins.eu\/wp-content\/uploads\/2025\/12\/adr2-1536x1025.jpg 1536w, https:\/\/loggins.eu\/wp-content\/uploads\/2025\/12\/adr2.jpg 1639w\" sizes=\"auto, (max-width: 1024px) 100vw, 1024px\" \/><\/figure>\n<\/div>\n\n\n\n<div class=\"wp-block-column is-layout-flow wp-block-column-is-layout-flow\">\n<p><strong>Najwy\u017csze standardy jako\u015bci i bezpiecze\u0144stwa<\/strong><\/p>\n\n\n\n<p>Transport towar\u00f3w niebezpiecznych wymaga nie tylko du\u017cego do\u015bwiadczenia, ale tak\u017ce doskona\u0142ej znajomo\u015bci procedur i proces\u00f3w zwi\u0105zanych z przewozem tego typu \u0142adunk\u00f3w.<\/p>\n\n\n\n<p>Northgate Logistics realizuje transport materia\u0142\u00f3w ADR zgodnie z najwy\u017cszymi standardami jako\u015bci oraz bezpiecze\u0144stwa, gwarantuj\u0105c nienaruszony stan towaru oraz skuteczn\u0105 ochron\u0119 interes\u00f3w Klienta przed ewentualnymi komplikacjami i ryzykiem.<\/p>\n<\/div>\n<\/div>\n\n\n\n<div class=\"wp-block-group alignfull is-style-ext-preset--group--natural-1--section has-background-background-color has-background has-global-padding is-layout-constrained wp-container-core-group-is-layout-e955bbaf wp-block-group-is-layout-constrained\" style=\"border-style:none;border-width:0px;margin-top:0;margin-bottom:0;padding-top:var(--wp--preset--spacing--70);padding-bottom:var(--wp--preset--spacing--70)\">\n<div class=\"wp-block-group alignwide is-vertical is-content-justification-center is-layout-flex wp-container-core-group-is-layout-c9ee0c5a wp-block-group-is-layout-flex\">\n<div class=\"wp-block-group has-global-padding is-layout-constrained wp-container-core-group-is-layout-5e05634a wp-block-group-is-layout-constrained\">\n<h2 class=\"wp-block-heading has-text-align-center\">Transport ADR z gwarancj\u0105 bezpiecze\u0144stwa<\/h2>\n\n\n\n<p class=\"has-text-align-center\">Prezentujemy najwa\u017cniejsze certyfikaty, rygorystyczne \u015brodki ochrony oraz uznanie w bran\u017cy, kt\u00f3re potwierdzaj\u0105 nasz\u0105 rzetelno\u015b\u0107 i profesjonalizm.<\/p>\n<\/div>\n<\/div>\n\n\n\n<div class=\"wp-block-columns alignwide is-layout-flex wp-container-core-columns-is-layout-08c01c1c wp-block-columns-is-layout-flex\">\n<div class=\"wp-block-column is-vertically-aligned-stretch is-layout-flow wp-container-core-column-is-layout-f5bb311e wp-block-column-is-layout-flow\">\n<div class=\"wp-block-group is-style-ext-preset--group--natural-1--item-card-1--align-center has-global-padding is-layout-constrained wp-block-group-is-layout-constrained is-style-ext-preset--group--natural-1--item-card-1--align-center--10\">\n<div class=\"wp-block-group is-style-default has-global-padding is-layout-constrained wp-block-group-is-layout-constrained\">\n<h3 class=\"wp-block-heading has-text-align-center\">Certyfikat zgodno\u015bci ADR<\/h3>\n\n\n\n<p class=\"has-text-align-center\">Potwierdza, \u017ce nasza flota i za\u0142oga spe\u0142niaj\u0105 wymagania umowy ADR, zapewniaj\u0105c bezpieczny transport materia\u0142\u00f3w niebezpiecznych.<\/p>\n<\/div>\n<\/div>\n<\/div>\n\n\n\n<div class=\"wp-block-column is-vertically-aligned-stretch is-layout-flow wp-container-core-column-is-layout-f5bb311e wp-block-column-is-layout-flow\">\n<div class=\"wp-block-group is-style-ext-preset--group--natural-1--item-card-1--align-center has-global-padding is-layout-constrained wp-block-group-is-layout-constrained is-style-ext-preset--group--natural-1--item-card-1--align-center--11\">\n<div class=\"wp-block-group is-style-default has-global-padding is-layout-constrained wp-block-group-is-layout-constrained\">\n<h3 class=\"wp-block-heading has-text-align-center\">Licencja przewo\u017anika drogowego<\/h3>\n\n\n\n<p class=\"has-text-align-center\">Oficjalne uprawnienie do przewozu \u0142adunk\u00f3w niebezpiecznych, \u015bwiadcz\u0105ce o naszej odpowiedzialno\u015bci i kompetencjach.<\/p>\n<\/div>\n<\/div>\n<\/div>\n\n\n\n<div class=\"wp-block-column is-vertically-aligned-stretch is-layout-flow wp-container-core-column-is-layout-f5bb311e wp-block-column-is-layout-flow\">\n<div class=\"wp-block-group is-style-ext-preset--group--natural-1--item-card-1--align-center has-global-padding is-layout-constrained wp-block-group-is-layout-constrained is-style-ext-preset--group--natural-1--item-card-1--align-center--12\">\n<div class=\"wp-block-group is-style-default has-global-padding is-layout-constrained wp-block-group-is-layout-constrained\">\n<h3 class=\"wp-block-heading has-text-align-center\">Certyfikat ISO 9001<\/h3>\n\n\n\n<p class=\"has-text-align-center\">Potwierdza stosowanie najwy\u017cszych standard\u00f3w jako\u015bci w zarz\u0105dzaniu procesami transportowymi i obs\u0142ug\u0105 klienta.<\/p>\n<\/div>\n<\/div>\n<\/div>\n<\/div>\n<\/div>\n","protected":false},"excerpt":{"rendered":"<p>Transport ADR Zapewniamy bezpieczny przew\u00f3z materia\u0142\u00f3w niebezpiecznych zgodnie z obowi\u0105zuj\u0105cymi normami. Certyfikowana flota Korzystamy z nowoczesnych, certyfikowanych pojazd\u00f3w dostosowanych do wymaga\u0144 ADR. Kontrola i monitorowanie Ca\u0142odobowo nadzorujemy transport, minimalizuj\u0105c ryzyko dla ludzi i \u015brodowiska. Zapewniamy najwy\u017cszy poziom bezpiecze\u0144stwa podczas transportu nawet najbardziej niebezpiecznych \u0142adunk\u00f3w. Dzi\u0119ki \u015bcis\u0142emu przestrzeganiu obowi\u0105zuj\u0105cych zasad i procedur bezpiecze\u0144stwa mo\u017cemy realizowa\u0107 przew\u00f3z [&hellip;]<\/p>\n","protected":false},"author":1,"featured_media":0,"parent":0,"menu_order":0,"comment_status":"closed","ping_status":"closed","template":"page-with-title","meta":{"_uag_custom_page_level_css":"","footnotes":""},"class_list":["post-458","page","type-page","status-publish","hentry"],"aioseo_notices":[],"uagb_featured_image_src":{"full":false,"thumbnail":false,"medium":false,"medium_large":false,"large":false,"1536x1536":false,"2048x2048":false},"uagb_author_info":{"display_name":"admin-qR73qRrA","author_link":"https:\/\/loggins.eu\/?author=1"},"uagb_comment_info":0,"uagb_excerpt":"Transport ADR Zapewniamy bezpieczny przew\u00f3z materia\u0142\u00f3w niebezpiecznych zgodnie z obowi\u0105zuj\u0105cymi normami. Certyfikowana flota Korzystamy z nowoczesnych, certyfikowanych pojazd\u00f3w dostosowanych do wymaga\u0144 ADR. Kontrola i monitorowanie Ca\u0142odobowo nadzorujemy transport, minimalizuj\u0105c ryzyko dla ludzi i \u015brodowiska. Zapewniamy najwy\u017cszy poziom bezpiecze\u0144stwa podczas transportu nawet najbardziej niebezpiecznych \u0142adunk\u00f3w. Dzi\u0119ki \u015bcis\u0142emu przestrzeganiu obowi\u0105zuj\u0105cych zasad i procedur bezpiecze\u0144stwa mo\u017cemy realizowa\u0107 przew\u00f3z&hellip;","_links":{"self":[{"href":"https:\/\/loggins.eu\/index.php?rest_route=\/wp\/v2\/pages\/458","targetHints":{"allow":["GET"]}}],"collection":[{"href":"https:\/\/loggins.eu\/index.php?rest_route=\/wp\/v2\/pages"}],"about":[{"href":"https:\/\/loggins.eu\/index.php?rest_route=\/wp\/v2\/types\/page"}],"author":[{"embeddable":true,"href":"https:\/\/loggins.eu\/index.php?rest_route=\/wp\/v2\/users\/1"}],"replies":[{"embeddable":true,"href":"https:\/\/loggins.eu\/index.php?rest_route=%2Fwp%2Fv2%2Fcomments&post=458"}],"version-history":[{"count":11,"href":"https:\/\/loggins.eu\/index.php?rest_route=\/wp\/v2\/pages\/458\/revisions"}],"predecessor-version":[{"id":1022,"href":"https:\/\/loggins.eu\/index.php?rest_route=\/wp\/v2\/pages\/458\/revisions\/1022"}],"wp:attachment":[{"href":"https:\/\/loggins.eu\/index.php?rest_route=%2Fwp%2Fv2%2Fmedia&parent=458"}],"curies":[{"name":"wp","href":"https:\/\/api.w.org\/{rel}","templated":true}]}}