{"id":468,"date":"2025-12-11T17:21:22","date_gmt":"2025-12-11T16:21:22","guid":{"rendered":"https:\/\/serwer402651.lh.pl\/autoinstalator\/serwer402651.lh.pl\/aiwordpress1120\/?page_id=468"},"modified":"2026-02-01T17:02:15","modified_gmt":"2026-02-01T16:02:15","slug":"monitorowanie-sent","status":"publish","type":"page","link":"https:\/\/loggins.eu\/?page_id=468","title":{"rendered":"Monitorowanie SENT"},"content":{"rendered":"\n<div class=\"wp-block-group alignfull is-style-ext-preset--group--natural-1--section has-background-background-color has-background has-global-padding is-layout-constrained wp-container-core-group-is-layout-e955bbaf wp-block-group-is-layout-constrained\" style=\"margin-top:0;margin-bottom:0;padding-top:var(--wp--preset--spacing--70);padding-bottom:var(--wp--preset--spacing--70)\">\n<div style=\"aspect-ratio:16\/9;min-height:unset;\" class=\"wp-block-cover alignfull is-light is-style-default has-aspect-ratio\"><img loading=\"lazy\" decoding=\"async\" width=\"1024\" height=\"683\" class=\"wp-block-cover__image-background wp-image-600 size-large\" alt=\"towary monitorowane sent\" src=\"http:\/\/serwer402651.lh.pl\/autoinstalator\/serwer402651.lh.pl\/aiwordpress1120\/wp-content\/uploads\/2025\/12\/sent-1024x683.jpg\" data-object-fit=\"cover\" srcset=\"https:\/\/loggins.eu\/wp-content\/uploads\/2025\/12\/sent-1024x683.jpg 1024w, https:\/\/loggins.eu\/wp-content\/uploads\/2025\/12\/sent-300x200.jpg 300w, https:\/\/loggins.eu\/wp-content\/uploads\/2025\/12\/sent-768x512.jpg 768w, https:\/\/loggins.eu\/wp-content\/uploads\/2025\/12\/sent-1536x1024.jpg 1536w, https:\/\/loggins.eu\/wp-content\/uploads\/2025\/12\/sent.jpg 1840w\" sizes=\"auto, (max-width: 1024px) 100vw, 1024px\" \/><span aria-hidden=\"true\" class=\"wp-block-cover__background has-background-dim\" style=\"background-color:#b2aeab\"><\/span><div class=\"wp-block-cover__inner-container is-layout-flow wp-block-cover-is-layout-flow\">\n<p class=\"has-text-align-center has-border-color has-foreground-border-color has-foreground-color has-text-color has-link-color has-xx-large-font-size wp-elements-3b0329f3974e75f032992fae1c2cd466\" style=\"border-width:1px;font-style:normal;font-weight:300\">Monitorowanie SENT<\/p>\n<\/div><\/div>\n\n\n\n<div class=\"wp-block-group alignwide is-vertical is-content-justification-center is-layout-flex wp-container-core-group-is-layout-c9ee0c5a wp-block-group-is-layout-flex\">\n<div class=\"wp-block-group has-global-padding is-layout-constrained wp-container-core-group-is-layout-5e05634a wp-block-group-is-layout-constrained\">\n<h2 class=\"wp-block-heading has-text-align-center\">Monitoruj transport SENT z pe\u0142nym bezpiecze\u0144stwem i kontrol\u0105.<\/h2>\n\n\n\n<p class=\"has-text-align-center\">Zapewniamy kompleksow\u0105 obs\u0142ug\u0119 monitorowania SENT, gwarantuj\u0105c\u0105 zgodno\u015b\u0107 z przepisami oraz pe\u0142n\u0105 transparentno\u015b\u0107.<\/p>\n<\/div>\n<\/div>\n\n\n\n<div class=\"wp-block-columns alignwide is-layout-flex wp-container-core-columns-is-layout-08c01c1c wp-block-columns-is-layout-flex\">\n<div class=\"wp-block-column is-vertically-aligned-stretch is-layout-flow wp-container-core-column-is-layout-f5bb311e wp-block-column-is-layout-flow\">\n<div class=\"wp-block-group is-style-ext-preset--group--natural-1--item-card-1--align-center has-global-padding is-layout-constrained wp-block-group-is-layout-constrained is-style-ext-preset--group--natural-1--item-card-1--align-center--2\">\n<div class=\"wp-block-group is-style-default has-global-padding is-layout-constrained wp-block-group-is-layout-constrained\">\n<h3 class=\"wp-block-heading has-text-align-center\">Pe\u0142na kontrola nad zg\u0142oszeniami SENT.<\/h3>\n\n\n\n<p class=\"has-text-align-center\">Zapewniamy prawid\u0142owe i terminowe zg\u0142oszenia transportu, eliminuj\u0105c ryzyko sankcji i utrzymuj\u0105c zgodno\u015b\u0107 z wymogami prawnymi.<\/p>\n<\/div>\n<\/div>\n<\/div>\n\n\n\n<div class=\"wp-block-column is-vertically-aligned-stretch is-layout-flow wp-container-core-column-is-layout-f5bb311e wp-block-column-is-layout-flow\">\n<div class=\"wp-block-group is-style-ext-preset--group--natural-1--item-card-1--align-center has-global-padding is-layout-constrained wp-block-group-is-layout-constrained is-style-ext-preset--group--natural-1--item-card-1--align-center--3\">\n<div class=\"wp-block-group is-style-default has-global-padding is-layout-constrained wp-block-group-is-layout-constrained\">\n<h3 class=\"wp-block-heading has-text-align-center\">Dok\u0142adne monitorowanie trasy i czasu przejazdu.<\/h3>\n\n\n\n<p class=\"has-text-align-center\">System \u015bledzenia pozwala na bie\u017c\u0105co kontrolowa\u0107 tras\u0119 oraz czas przewozu, co zwi\u0119ksza efektywno\u015b\u0107 i bezpiecze\u0144stwo transportu.<\/p>\n<\/div>\n<\/div>\n<\/div>\n\n\n\n<div class=\"wp-block-column is-vertically-aligned-stretch is-layout-flow wp-container-core-column-is-layout-f5bb311e wp-block-column-is-layout-flow\">\n<div class=\"wp-block-group is-style-ext-preset--group--natural-1--item-card-1--align-center has-global-padding is-layout-constrained wp-block-group-is-layout-constrained is-style-ext-preset--group--natural-1--item-card-1--align-center--4\">\n<div class=\"wp-block-group is-style-default has-global-padding is-layout-constrained wp-block-group-is-layout-constrained\">\n<h3 class=\"wp-block-heading\">Zgodno\u015b\u0107 z obowi\u0105zuj\u0105cymi przepisami SENT.<\/h3>\n\n\n\n<p class=\"has-text-align-center\">Nasze rozwi\u0105zania zapewniaj\u0105 pe\u0142n\u0105 transparentno\u015b\u0107 i zgodno\u015b\u0107 z ustawowymi procedurami, minimalizuj\u0105c ryzyko b\u0142\u0119d\u00f3w i kar.<\/p>\n<\/div>\n<\/div>\n<\/div>\n<\/div>\n\n\n\n<div class=\"wp-block-columns is-layout-flex wp-container-core-columns-is-layout-28f84493 wp-block-columns-is-layout-flex\">\n<div class=\"wp-block-column is-layout-flow wp-block-column-is-layout-flow\"><\/div>\n\n\n\n<div class=\"wp-block-column is-layout-flow wp-block-column-is-layout-flow\"><\/div>\n<\/div>\n\n\n\n<div class=\"wp-block-columns alignwide is-layout-flex wp-container-core-columns-is-layout-28f84493 wp-block-columns-is-layout-flex\">\n<div class=\"wp-block-column is-layout-flow wp-block-column-is-layout-flow\">\n<p><strong>Towary podlegaj\u0105ce monitorowaniu \u2013 SENT<\/strong><\/p>\n\n\n\n<p>Transport towar\u00f3w wra\u017cliwych obj\u0119tych systemem monitorowania, takich jak paliwa silnikowe i ich pochodne, oleje smarowe i ro\u015blinne, susz tytoniowy oraz alkohol ca\u0142kowicie ska\u017cony.<\/p>\n\n\n\n<p>SENT to elektroniczny rejestr zg\u0142osze\u0144 stworzony na potrzeby realizacji ustawy o systemie monitorowania drogowego przewozu towar\u00f3w. System ten umo\u017cliwia szybk\u0105 wysy\u0142k\u0119 zg\u0142osze\u0144, a tak\u017ce bie\u017c\u0105ce uzupe\u0142nianie i aktualizacj\u0119 wymaganych danych, zapewniaj\u0105c zgodno\u015b\u0107 transportu z obowi\u0105zuj\u0105cymi przepisami.<\/p>\n<\/div>\n\n\n\n<div class=\"wp-block-column is-layout-flow wp-block-column-is-layout-flow\">\n<figure class=\"wp-block-image size-large has-custom-border\"><img loading=\"lazy\" decoding=\"async\" width=\"1024\" height=\"683\" src=\"https:\/\/serwer402651.lh.pl\/autoinstalator\/serwer402651.lh.pl\/aiwordpress1120\/wp-content\/uploads\/2025\/12\/sent1-1024x683.jpg\" alt=\"\" class=\"wp-image-791\" style=\"border-style:none;border-width:0px\" srcset=\"https:\/\/loggins.eu\/wp-content\/uploads\/2025\/12\/sent1-1024x683.jpg 1024w, https:\/\/loggins.eu\/wp-content\/uploads\/2025\/12\/sent1-300x200.jpg 300w, https:\/\/loggins.eu\/wp-content\/uploads\/2025\/12\/sent1-768x512.jpg 768w, https:\/\/loggins.eu\/wp-content\/uploads\/2025\/12\/sent1.jpg 1080w\" sizes=\"auto, (max-width: 1024px) 100vw, 1024px\" \/><\/figure>\n<\/div>\n<\/div>\n<\/div>\n\n\n\n<div class=\"wp-block-group alignfull is-style-ext-preset--group--natural-1--section has-background-background-color has-background has-global-padding is-layout-constrained wp-container-core-group-is-layout-e955bbaf wp-block-group-is-layout-constrained\" style=\"border-style:none;border-width:0px;margin-top:0;margin-bottom:0;padding-top:var(--wp--preset--spacing--70);padding-bottom:var(--wp--preset--spacing--70)\">\n<div class=\"wp-block-group alignwide is-vertical is-layout-flex wp-container-core-group-is-layout-c35747d5 wp-block-group-is-layout-flex\">\n<div class=\"wp-block-group has-global-padding is-layout-constrained wp-container-core-group-is-layout-5e05634a wp-block-group-is-layout-constrained\">\n<h2 class=\"wp-block-heading\">Jak monitorujemy SENT<\/h2>\n\n\n\n<p class=\"has-text-align-left\">Dowiedz si\u0119, jak krok po kroku zapewniamy pe\u0142n\u0105 kontrol\u0119 nad transportem towar\u00f3w w systemie SENT, gwarantuj\u0105c zgodno\u015b\u0107 i bezpiecze\u0144stwo.<\/p>\n<\/div>\n<\/div>\n\n\n\n<div class=\"wp-block-columns alignwide is-layout-flex wp-container-core-columns-is-layout-174606dc wp-block-columns-is-layout-flex\">\n<div class=\"wp-block-column is-vertically-aligned-center is-layout-flow wp-container-core-column-is-layout-f5bb311e wp-block-column-is-layout-flow\">\n<div class=\"wp-block-group is-style-ext-preset--group--natural-1--item-card-1--align-start has-global-padding is-layout-constrained wp-block-group-is-layout-constrained is-style-ext-preset--group--natural-1--item-card-1--align-start--6\">\n<div class=\"wp-block-group is-style-default has-global-padding is-layout-constrained wp-block-group-is-layout-constrained\">\n<div class=\"wp-block-group is-nowrap is-layout-flex wp-container-core-group-is-layout-64fa2afa wp-block-group-is-layout-flex\" style=\"padding-top:0;padding-right:0;padding-bottom:0;padding-left:0\">\n<div class=\"wp-block-group wp-container-content-958eb9dc has-global-padding is-layout-constrained wp-container-core-group-is-layout-c06d165c wp-block-group-is-layout-constrained\" style=\"padding-top:0;padding-right:0;padding-bottom:0;padding-left:0\">\n<h3 class=\"wp-block-heading\">Krok pierwszy: Zg\u0142oszenie transportu<\/h3>\n\n\n\n<p>Nasza us\u0142uga pozwala na precyzyjne zg\u0142oszenia zgodne z obowi\u0105zuj\u0105cymi przepisami, minimalizuj\u0105c ryzyko b\u0142\u0119d\u00f3w.<\/p>\n<\/div>\n<\/div>\n<\/div>\n<\/div>\n\n\n\n<div class=\"wp-block-group is-style-ext-preset--group--natural-1--item-card-1--align-start has-global-padding is-layout-constrained wp-block-group-is-layout-constrained is-style-ext-preset--group--natural-1--item-card-1--align-start--7\">\n<div class=\"wp-block-group is-style-default has-global-padding is-layout-constrained wp-block-group-is-layout-constrained\">\n<div class=\"wp-block-group is-nowrap is-layout-flex wp-container-core-group-is-layout-64fa2afa wp-block-group-is-layout-flex\" style=\"padding-top:0;padding-right:0;padding-bottom:0;padding-left:0\">\n<div class=\"wp-block-group wp-container-content-958eb9dc has-global-padding is-layout-constrained wp-container-core-group-is-layout-c06d165c wp-block-group-is-layout-constrained\" style=\"padding-top:0;padding-right:0;padding-bottom:0;padding-left:0\">\n<h3 class=\"wp-block-heading\">Krok drugi: Monitorowanie trasy<\/h3>\n\n\n\n<p>Zapewniamy sta\u0142y nadz\u00f3r nad przebiegiem transportu, umo\u017cliwiaj\u0105c szybkie reagowanie na ewentualne nieprawid\u0142owo\u015bci.<\/p>\n<\/div>\n<\/div>\n<\/div>\n<\/div>\n\n\n\n<div class=\"wp-block-group is-style-ext-preset--group--natural-1--item-card-1--align-start has-global-padding is-layout-constrained wp-block-group-is-layout-constrained is-style-ext-preset--group--natural-1--item-card-1--align-start--8\">\n<div class=\"wp-block-group is-style-default has-global-padding is-layout-constrained wp-block-group-is-layout-constrained\">\n<div class=\"wp-block-group is-nowrap is-layout-flex wp-container-core-group-is-layout-64fa2afa wp-block-group-is-layout-flex\" style=\"padding-top:0;padding-right:0;padding-bottom:0;padding-left:0\">\n<div class=\"wp-block-group wp-container-content-958eb9dc has-global-padding is-layout-constrained wp-container-core-group-is-layout-c06d165c wp-block-group-is-layout-constrained\" style=\"padding-top:0;padding-right:0;padding-bottom:0;padding-left:0\">\n<h3 class=\"wp-block-heading\">Krok trzeci: Raportowanie i zgodno\u015b\u0107<\/h3>\n\n\n\n<p>Gwarantujemy terminow\u0105 rejestracj\u0119 przejazd\u00f3w oraz pe\u0142n\u0105 transparentno\u015b\u0107 zgodn\u0105 z wymogami prawnymi.<\/p>\n<\/div>\n<\/div>\n<\/div>\n<\/div>\n<\/div>\n<\/div>\n\n\n\n<div class=\"wp-block-columns alignwide is-layout-flex wp-container-core-columns-is-layout-28f84493 wp-block-columns-is-layout-flex\">\n<div class=\"wp-block-column is-layout-flow wp-block-column-is-layout-flow\">\n<p><strong>Pe\u0142na obs\u0142uga wymog\u00f3w SENT<\/strong><\/p>\n\n\n\n<p>Dzi\u0119ki wieloletniemu do\u015bwiadczeniu oraz rygorystycznemu przestrzeganiu procedur zwi\u0105zanych z obs\u0142ug\u0105 transportu towar\u00f3w wra\u017cliwych zapewniamy naszym Klientom:<\/p>\n\n\n\n<ul class=\"wp-block-list\">\n<li>brak ryzyka koszt\u00f3w wynikaj\u0105cych z ewentualnych kar finansowych i sankcji za niezgodno\u015b\u0107 z wymogami systemu SENT,<\/li>\n\n\n\n<li>eksperck\u0105 znajomo\u015b\u0107 przepis\u00f3w SENT, przek\u0142adaj\u0105c\u0105 si\u0119 na sprawn\u0105, bezpieczn\u0105 i terminow\u0105 realizacj\u0119 zlece\u0144.<\/li>\n<\/ul>\n\n\n\n<p>Transport towar\u00f3w wra\u017cliwych wymaga szczeg\u00f3lnej ostro\u017cno\u015bci oraz skrupulatnego stosowania si\u0119 do obowi\u0105zuj\u0105cych zasad. Korzystaj\u0105c z naszej specjalistycznej wiedzy, gwarantujemy maksymaln\u0105 zgodno\u015b\u0107 z przepisami oraz pe\u0142ne bezpiecze\u0144stwo prawne na ka\u017cdym etapie obs\u0142ugi SENT.<\/p>\n<\/div>\n\n\n\n<div class=\"wp-block-column is-layout-flow wp-block-column-is-layout-flow\">\n<figure class=\"wp-block-image size-large has-custom-border\"><img loading=\"lazy\" decoding=\"async\" width=\"1024\" height=\"680\" src=\"https:\/\/serwer402651.lh.pl\/autoinstalator\/serwer402651.lh.pl\/aiwordpress1120\/wp-content\/uploads\/2025\/12\/sent2-1024x680.jpg\" alt=\"\" class=\"wp-image-792\" style=\"border-style:none;border-width:0px\" srcset=\"https:\/\/loggins.eu\/wp-content\/uploads\/2025\/12\/sent2-1024x680.jpg 1024w, https:\/\/loggins.eu\/wp-content\/uploads\/2025\/12\/sent2-300x199.jpg 300w, https:\/\/loggins.eu\/wp-content\/uploads\/2025\/12\/sent2-768x510.jpg 768w, https:\/\/loggins.eu\/wp-content\/uploads\/2025\/12\/sent2.jpg 1200w\" sizes=\"auto, (max-width: 1024px) 100vw, 1024px\" \/><\/figure>\n<\/div>\n<\/div>\n\n\n\n<div class=\"wp-block-buttons is-content-justification-center is-layout-flex wp-container-core-buttons-is-layout-a89b3969 wp-block-buttons-is-layout-flex\">\n<div class=\"wp-block-button\"><a class=\"wp-block-button__link wp-element-button\" href=\"https:\/\/serwer402651.lh.pl\/autoinstalator\/serwer402651.lh.pl\/aiwordpress1120\/kalkulator-frachtu\/\">Wyce\u0144 fracht<\/a><\/div>\n<\/div>\n<\/div>\n\n\n\n<p><\/p>\n","protected":false},"excerpt":{"rendered":"<p>Monitoruj transport SENT z pe\u0142nym bezpiecze\u0144stwem i kontrol\u0105. Zapewniamy kompleksow\u0105 obs\u0142ug\u0119 monitorowania SENT, gwarantuj\u0105c\u0105 zgodno\u015b\u0107 z przepisami oraz pe\u0142n\u0105 transparentno\u015b\u0107. Pe\u0142na kontrola nad zg\u0142oszeniami SENT. Zapewniamy prawid\u0142owe i terminowe zg\u0142oszenia transportu, eliminuj\u0105c ryzyko sankcji i utrzymuj\u0105c zgodno\u015b\u0107 z wymogami prawnymi. Dok\u0142adne monitorowanie trasy i czasu przejazdu. System \u015bledzenia pozwala na bie\u017c\u0105co kontrolowa\u0107 tras\u0119 oraz czas [&hellip;]<\/p>\n","protected":false},"author":1,"featured_media":0,"parent":0,"menu_order":0,"comment_status":"closed","ping_status":"closed","template":"page-with-title","meta":{"_uag_custom_page_level_css":"","footnotes":""},"class_list":["post-468","page","type-page","status-publish","hentry"],"aioseo_notices":[],"uagb_featured_image_src":{"full":false,"thumbnail":false,"medium":false,"medium_large":false,"large":false,"1536x1536":false,"2048x2048":false},"uagb_author_info":{"display_name":"admin-qR73qRrA","author_link":"https:\/\/loggins.eu\/?author=1"},"uagb_comment_info":0,"uagb_excerpt":"Monitoruj transport SENT z pe\u0142nym bezpiecze\u0144stwem i kontrol\u0105. Zapewniamy kompleksow\u0105 obs\u0142ug\u0119 monitorowania SENT, gwarantuj\u0105c\u0105 zgodno\u015b\u0107 z przepisami oraz pe\u0142n\u0105 transparentno\u015b\u0107. Pe\u0142na kontrola nad zg\u0142oszeniami SENT. Zapewniamy prawid\u0142owe i terminowe zg\u0142oszenia transportu, eliminuj\u0105c ryzyko sankcji i utrzymuj\u0105c zgodno\u015b\u0107 z wymogami prawnymi. Dok\u0142adne monitorowanie trasy i czasu przejazdu. System \u015bledzenia pozwala na bie\u017c\u0105co kontrolowa\u0107 tras\u0119 oraz czas&hellip;","_links":{"self":[{"href":"https:\/\/loggins.eu\/index.php?rest_route=\/wp\/v2\/pages\/468","targetHints":{"allow":["GET"]}}],"collection":[{"href":"https:\/\/loggins.eu\/index.php?rest_route=\/wp\/v2\/pages"}],"about":[{"href":"https:\/\/loggins.eu\/index.php?rest_route=\/wp\/v2\/types\/page"}],"author":[{"embeddable":true,"href":"https:\/\/loggins.eu\/index.php?rest_route=\/wp\/v2\/users\/1"}],"replies":[{"embeddable":true,"href":"https:\/\/loggins.eu\/index.php?rest_route=%2Fwp%2Fv2%2Fcomments&post=468"}],"version-history":[{"count":13,"href":"https:\/\/loggins.eu\/index.php?rest_route=\/wp\/v2\/pages\/468\/revisions"}],"predecessor-version":[{"id":1062,"href":"https:\/\/loggins.eu\/index.php?rest_route=\/wp\/v2\/pages\/468\/revisions\/1062"}],"wp:attachment":[{"href":"https:\/\/loggins.eu\/index.php?rest_route=%2Fwp%2Fv2%2Fmedia&parent=468"}],"curies":[{"name":"wp","href":"https:\/\/api.w.org\/{rel}","templated":true}]}}